d - 10. What is n(j)?
86
Let p = -558 + 557. Let i(r) = 0*r - 1 + 4*r**2 + 2*r**2 + 0*r. What is i(p)?
5
Let r be (-1)/((-4)/112) + 4. Suppose -8*l + r = -8. Let w(t) = -2*t + 4. Determine w(l).
-6
Let z(r) = -2*r + 6. Let b be (-33)/(-55) + (-26)/10 + 7. Determine z(b).
-4
Let f(t) = 2*t**3 + 20*t**2 + 3*t - 10. Let u(k) = -2*k**2 + k + 1. Let l(r) = f(r) - 3*u(r). Determine l(-13).
-13
Let r(t) = -15*t**3 + t**2 + 2*t + 1. Let b(y) = -9*y - 37. Let x be b(-4). Give r(x).
15
Let s(f) be the first derivative of 2*f - 2 + 5/2*f**2. Calculate s(2).
12
Let a(x) = -x**3 + 5*x**2 - 7*x + 5. Suppose -3*p = 4*l + 88, 3*p + 59 = -3*l - 31. Let z be 7/((-84)/p)*3. Suppose -4*d + 2*d + z = 0. Determine a(d).
-7
Let c(o) be the first derivative of -o**3/2 + 4*o**2 + 16*o + 4. Let l(y) be the first derivative of c(y). What is l(6)?
-10
Let k(o) = -o**3 + o**2 + 2. Suppose 2*v - 9*v - 21 = 0. Let z(j) = -j**3 + 2*j**2 - j + 2. Let u(n) = v*z(n) + 2*k(n). Calculate u(3).
-2
Let z(t) = -t**2 + 8*t. Let j = 7 - 11. Let h be ((-2)/j)/(1*(-5)/(-60)). Determine z(h).
12
Let c(p) = p**3 - 6*p**2 + 7*p - 6. Let q be c(5). Let o(n) be the second derivative of -1/2*n**3 - 1/20*n**5 + 16*n + 0 - n**2 + 5/12*n**4. Calculate o(q).
2
Let i(n) be the third derivative of -n**5/60 + n**4/8 + 7*n**3/3 - 54*n**2 + 1. Determine i(5).
4
Let v(r) = -r**2 - 18*r + 7. Let b(g) = 3. Let p(k) = -6*b(k) - v(k). What is p(-19)?
-6
Let r(a) = 0*a + 106 + a - 317 + 106 + 106. Calculate r(3).
4
Let o(u) = -4 - 28*u**2 + u**3 + 52*u**2 - 27*u**2 - u. Suppose 0*l + 6 = 2*l. Suppose -l*n = q - 7, -4*n = 2*q - n - 11. Give o(q).
8
Let x = 12 + -9. Suppose x = 3*b - 0. Let z(q) = -q**2 + q + 1. Let a(p) = p**3 - p**2 + 1. Let g(d) = -2*a(d) + z(d). What is g(b)?
-1
Suppose 17 = x - 5*q, 0 = 4*x - x - 2*q - 12. Let a(k) = -8*k**2 + 9*k - 2. Let s(l) = l**2 - l. Let i(v) = -a(v) - 6*s(v). Determine i(x).
4
Let o(r) = r**2 + 4*r + 1. Suppose 0 = 9*q - 2*q + 35. What is o(q)?
6
Let z(c) = -2*c - 1. Suppose -p - p = -12. Let l be 20/p - 2/6. Suppose -l*n - 2*n - 30 = 0. Give z(n).
11
Let y(g) be the second derivative of g**4/12 + 5*g**3/3 + 25*g**2/2 + 612*g. Calculate y(-6).
1
Let x(d) be the third derivative of d**4/24 - 2*d**3/3 - 410*d**2. Determine x(15).
11
Let m(t) = t**3 + 17*t**2 - 18*t + 3. Let x be m(-18). Suppose 2*y + 4 = -3*j - 13, 2*j - x*y = 6. Let c(w) = -w**3 - 3*w**2 + w + 1. Give c(j).
-2
Let y(n) = 9*n - 1. Suppose 5*m - 5*o + 40 = 0, 0 = -4*m - 0*m - 3*o - 4. Let s be (2/m + 3/(-6))/1. Calculate y(s).
-10
Let w(d) = d**2 + 2*d - 9. Let y be w(-7). Suppose 4*b + 6 = y. Suppose q = 3*x - 17, x - b*q - 19 = -3*x. Let j(h) = h**3 - 6*h**2 + 4. Calculate j(x).
4
Let t = 7 + 4. Suppose 0 = 3*n - w + 33, 5*w + 30 = -3*n - 3. Let r = n + t. Let u(a) = a**2 - a - 4. Calculate u(r).
-4
Suppose 0 = -3*l - 3*q - 30, -q + 8 = -4*l + 3*q. Let k(x) = x**3 + 6*x**2 + 3*x + 15. Give k(l).
-3
Let r(s) = -s**3 + 3*s**2 + 4*s - 1. Suppose 90*b - 152 = 52*b. Calculate r(b).
-1
Let t(p) be the third derivative of -p**6/120 - p**5/30 + p**4/4 - p**3/3 + 426*p**2. Determine t(-4).
6
Let c = -202 - -203. Let q(v) = 4*v + 3. Determine q(c).
7
Let k(f) = -3*f**3 - 5*f**2 + 5*f + 11. Let l be (-4)/(-2) + -5 + 4. Let x = l - 3. Let u(q) = -q**3 - 3*q**2 + 2*q + 5. Let s(r) = x*k(r) + 5*u(r). Give s(5).
3
Let s(p) be the second derivative of p**5/20 - p**4/6 - 5*p**3/6 + 3*p**2/2 + 39*p - 1. Calculate s(3).
-3
Suppose -3*m - 19 = -2*u - 53, 3*m - 23 = u. Let h(z) = z**3 + 12*z**2 + 13*z + 11. What is h(u)?
-11
Suppose -2*s = -7*s - 15. Let x(f) be the second derivative of -1/2*f**3 + 1/2*f**2 - 36*f + 0. Determine x(s).
10
Let s(j) = 5*j - 1. Suppose 5 = -5*i - v + 21, 5*v = -5*i. Let p(w) = -w**3 + 4*w**2 + w - 3. Let a be p(i). Give s(a).
4
Suppose -5*r - 15 = 0, -2*y + 5*r + 20 - 3 = 0. Suppose y = x - 9. Suppose 1 = 9*v - x*v. Let o(c) = 10*c**3. Give o(v).
-10
Let p(g) = g**3 - g**2 + 1. Let s(m) be the first derivative of -5 + m + 3/2*m**2. Let y be s(0). Determine p(y).
1
Let i(y) = y**3 - 11*y**2 + 2. Let g be 12 + -1 - (16 - 16). What is i(g)?
2
Suppose 91*m = 70*m + 189. Let a(s) be the first derivative of -m + 1/2*s**2 + 4*s. What is a(-2)?
2
Let p(f) = -2*f**2 - 32*f + 1. Let d be p(-16). Let b(u) be the second derivative of -1/6*u**4 - 3*u + 0 - 1/6*u**3 + 0*u**2. Give b(d).
-3
Suppose -2*w - 3*m - 17 = 2*m, -w - 21 = 5*m. Suppose n - w*n = 6. Let v(t) = t + t**2 + t + 3 + 4*t - 3*t. What is v(n)?
1
Let c(u) = -2*u - 6. Let m(k) = -k**2 - 3*k + 4. Let x be (3 + -4 - -2)/((-2)/10). Let o be m(x). Give c(o).
6
Let s be (4*6/(-24))/(2/12). Let b(i) = 2*i - 3. Give b(s).
-15
Let y(r) = r**2 - 5*r + 4. Let d = -260 + 264. Calculate y(d).
0
Let y(c) = -5*c**2 - 20*c - 24. Let s(t) = -2*t**2 - 10*t - 12. Let u(w) = -7*s(w) + 3*y(w). Determine u(11).
1
Suppose 3*i + 5*j + 4 = -7, -i = -4*j - 2. Let t(s) = -s**2 - s + 1. Give t(i).
-1
Let k(d) = -6*d**2 + 2*d + 2. Let f(a) = -a**2 + 16*a - 61. Let l be f(10). Determine k(l).
-6
Let k be 9/(-18) + 35/2. Let c(m) = m - 13. Let p be c(k). Let q(a) be the second derivative of -a**5/20 + 5*a**4/12 - a**3/3 - a**2 - a. Calculate q(p).
6
Let l(a) = 12*a + 39. Let b be 3*(-2 - -1) + (-108)/(-6). Let t(j) = -3*j - 10. Let w(g) = b*t(g) + 4*l(g). Give w(-5).
-9
Let w(d) = -4*d**3 + d**2 + 2*d - 1. Let p(v) = -7*v**3 + 2*v**2 + 5*v - 2. Suppose 5*c + 24 = 14. Let g(t) = c*p(t) + 5*w(t). Calculate g(1).
-6
Let a(t) = -85 - 6*t - 90 - t**3 + 169 + 9*t**2 - 2*t + 2*t. What is a(6)?
66
Suppose 4*h - 29 = g, -35*g + 31*g - 3*h = 21. Let k(y) = -y**2 - 11*y - 7. Determine k(g).
11
Suppose 4*r - 4*g + 18 = -g, 2*g + 10 = -r. Let f be (28/(-6))/(4/r). Let v(l) = -4*l**2 + f*l + 5*l**2 - 1 + 0. Calculate v(-6).
-7
Let h(t) = 7*t**3 - 5*t**2 + t - 6. Let k(u) = 12*u**3 - 11*u**2 + 2*u - 11. Let m(o) = 5*h(o) - 3*k(o). Give m(8).
-5
Let n be (-2)/3*11/(198/(-27)). Let z(f) = -f + 5. Determine z(n).
4
Let d(a) = 4*a**3 + 2*a**2 - 1. Let f = 2 + -1. Let c be d(f). Suppose 5*p + 2*o + 23 = 0, 2*o + c = -p + 2. Let t(m) = m**3 + 4*m**2 - 4*m + 3. Determine t(p).
-2
Let k(d) be the first derivative of d**5/60 - d**3/3 + 7*d**2/2 + 6. Let v(l) be the second derivative of k(l). Suppose 2*w = w. What is v(w)?
-2
Let q(l) = 7*l**2 + 10*l + 20. Let p(k) = -3*k**2 - 6*k - 10. Let w(s) = 5*p(s) + 2*q(s). Give w(-9).
-1
Let d(f) be the first derivative of 1/2*f**2 + 3 + 4*f. Let w(v) = -v**3 - 3*v**2 + 3. Let m be w(-3). Determine d(m).
7
Let a(i) be the first derivative of -2*i**3/3 - 5*i**2/2 + 5*i + 454. Give a(2).
-13
Let h(o) = 7*o**2 + 104*o + 5. Let z(n) = -n**2 - 17*n - 1. Let d(a) = -2*h(a) - 13*z(a). Determine d(10).
33
Let s(v) = -15*v + v**2 - 17*v - 20*v + 49*v + 1. What is s(3)?
1
Let a(n) = n - 6. Let f(v) = v - 7. Let o(k) = -6*a(k) + 7*f(k). Suppose 2*g + 4 = -10*c + 6*c, 0 = 2*g - c - 16. Determine o(g).
-7
Let y(q) = q**3 + 6*q**2 + 3*q - 7. Let d be y(-5). Let i(m) = -5*m + d + m**2 + 0*m**2 + 0*m**2. Suppose 2*s + 0 = 8, -2*c = 2*s - 14. Determine i(c).
-3
Let k(z) = 8*z + 1 + 9*z**2 - 15*z + 6*z - 12*z**2. Give k(1).
-3
Let m(o) be the first derivative of -5*o**3/3 - o**2/2 + o - 3. Let x be m(1). Let q(b) = 6*b - 1. Let i(l) = -5*l + 1. Let c(k) = x*i(k) - 6*q(k). Give c(1).
-10
Let w(s) = -s**3 + 28*s**2 - 123*s + 191. Let r be w(23). Let q = -3 + 4. Let u(h) = -4 - h + q + 2. What is u(r)?
-8
Suppose 5*s + 11 = 3*k, -5*k + s - 6 = -39. Let g(d) = d - 4. Let t(j) = -j + 4. Let x(u) = -3*g(u) - 4*t(u). Let y be x(k). Let l(q) = -q**2 + 4*q. Give l(y).
3
Let p(x) = -x**2. Let u(t) = -4*t**3 + 2*t**2 - 1. Let g be 15/(-10)*(-6)/9. Let f(a) = g*p(a) + u(a). What is f(-1)?
4
Let o(u) = u - 7. Let t(p) = -1 - 8 + 0 + 1. Let c(l) = -4*o(l) + 3*t(l). Give c(4).
-12
Let n(f) = -f**3 - 4*f**2 + 6*f + 2. Suppose -8*d + 20*d + 60 = 0. Determine n(d).
-3
Let m(s) = -s**3 + s**2 + s + 2. Let u(c) = c**3 - 22*c**2 - 20*c + 20. Let p(t) = -2*m(t) - u(t). Determine p(-19).
-5
Let n(a) be the first derivative of -a**4/4 + 6*a**3 + 9*a**2 + 9*a - 78. Determine n(19).
-10
Let g(b) be the second derivative of 1/20*b**5 - 3/2*b**2 - 2/3*b**3 - 19*b + 0 - 1/3*b**4. Calculate g(4).
-19
Let k(d) = d - 6. Suppose 2*p - 6 = 3*w, 2*p + 3*w + 3 - 21 = 0. Determine k(p).
0
Suppose -5*k